+ k. What is the units digit of -2*(-16 - -3 - c)?
2
Let n(s) = 6*s**2 + 5*s + 2. Let h be 69/(-12) + (39/(-12) - -4). What is the tens digit of n(h)?
2
Let l(j) = 7*j + 52. Let u be l(-7). Let f(q) = 31*q - 8. Let p(z) = -16*z + 4. Let m(h) = 3*f(h) + 5*p(h). What is the units digit of m(u)?
5
Suppose 3*j + j + 9 = z, 4*z + 3*j - 17 = 0. Let t be (-2)/(-1) + 22/11. Suppose -5*i + 0*u = -t*u - 104, z*i + 2*u - 98 = 0. What is the tens digit of i?
2
Suppose -3*x - 2 - 7 = 0. Let j(t) = -62*t - 10. What is the hundreds digit of j(x)?
1
Suppose -478*g = -474*g - 4192. What is the tens digit of g?
4
What is the tens digit of ((-18)/8)/((-28)/5712) + 6?
6
Let q = 72 + -67. Suppose q*d = 9*d - 584. What is the tens digit of d?
4
Let m(p) = p**2 - 6*p - 7. Let k be m(7). Suppose k = 4*c - 38 - 42. What is the units digit of c?
0
What is the thousands digit of 27/((-2268)/8) + 111262/42?
2
Suppose -2*k - 10 + 452 = 0. Suppose -2*s = p - k, p - 2*p = s - 110. What is the tens digit of s?
1
Suppose -3*w = -2*f + 3*f - 33, 4*w - 52 = -4*f. Let h be w/(4*1/36). Suppose g = -g + h. What is the tens digit of g?
4
Let d(p) = 152*p + 267. What is the hundreds digit of d(6)?
1
Suppose -h + 7*n = 8*n + 1, -h - 4 = 4*n. What is the units digit of -4 - -9 - h - -218?
3
Suppose d = q - 421, -2*d + 10 = q - 408. Suppose 6*n - 13*n + q = 0. What is the units digit of n?
0
Let s(w) = 38*w + 34. What is the units digit of s(6)?
2
Let o(k) be the second derivative of -3*k**4/8 - 2*k**3/3 - 2*k**2 + 4*k. Let z(b) be the first derivative of o(b). What is the units digit of z(-3)?
3
What is the hundreds digit of (-4 - -6 - -7)*29?
2
Let f(q) = 233*q - 2. Let j be f(-3). Let a be 1*j - (3 + -5). What is the tens digit of 6/(-33) + a/(-33)?
2
Let f(n) = 93*n + 56. What is the tens digit of f(6)?
1
Let s(b) be the second derivative of b**5/10 + b**4/6 - b**3/3 + b**2/2 + b. Let x be 18/21 + (-2)/(-14). What is the units digit of s(x)?
3
Suppose -3064 = -c - 2*f, -5*c - 2*f + 6409 = -8943. What is the thousands digit of c?
3
Suppose 0 = 5*y + 321 + 269. Let g = -37 - y. What is the units digit of g?
1
Let b be 21/(-3)*(-36)/(-21). What is the tens digit of ((-39)/(-2))/(b/(-16))?
2
Suppose -5*x + 20232 = -2*d, 4*x - 3*x + d = 4052. What is the tens digit of x?
4
Suppose 0 = 3*k + 2*c - 14, 4*k + 4*c = -c + 28. Suppose -4*r + 272 = -v + 4*v, -4*r = k*v - 272. What is the units digit of r?
8
Suppose -14*i + 171 = -123. Let c be (-75)/7 - (-2)/(-7). Let h = i + c. What is the tens digit of h?
1
What is the tens digit of (5/(3 - 8))/((-8)/18488)?
1
Suppose 2*l - 4 = -x - 4*x, -2*l = -4*x + 14. Let m(h) = 3*h + 5 + 2*h**2 - 6*h - x*h - 3*h**2. What is the units digit of m(-4)?
9
Suppose -3*a + a + 8 = 0. Suppose 24 = -4*o - 4*k, -o + 0*k = -a*k - 19. What is the units digit of (o + 6)/((-4)/(-20))?
5
Suppose -421 = -7*r + 629. What is the tens digit of r?
5
Let f = 485 - 196. What is the units digit of f?
9
Suppose 5*g = -5*f, 2*f + 3 = 5*g - 18. What is the tens digit of 52 - (-4 + 21/g)?
4
Suppose -6*i = -8*i + 6. Suppose -1 = -3*l + 5*j - 0, 0 = l + j - i. Suppose -l*p + 5 + 63 = 0. What is the units digit of p?
4
Suppose 0 = -5*x - 5, 8*g - 1262 = 4*g + 2*x. What is the units digit of g?
5
Suppose 4*a - 16355 = -3099. What is the tens digit of a?
1
Let o(s) = -s**3 + s**2 - s + 33. Let h be o(0). Let c be 275/h*9/5. What is the tens digit of c/(116/(-32) - -4)?
4
Let l be (56/12)/((-6)/(-225)). Suppose 2 = k, z + 0*k = -3*k + 8. Suppose -3*v - z*v = -l. What is the tens digit of v?
3
Suppose -5*p + 17 = -3*u, -5*u + 0*p = 4*p + 90. What is the tens digit of (-9)/((-252)/(-8)) - 2468/u?
7
Let m = 77 + 254. What is the hundreds digit of m?
3
Let b(s) be the third derivative of -s**6/144 + s**5/30 - 5*s**4/12 + 10*s**2. Let f(j) be the second derivative of b(j). What is the units digit of f(-2)?
4
Let d(b) = b**3 + 11*b**2 - b - 12. Let a(s) = 3*s**3 + 22*s**2 - s - 24. Let u(g) = 2*a(g) - 5*d(g). What is the tens digit of u(12)?
9
Suppose 5*y = -c + 3*c - 2309, -2*c + 3*y = -2311. What is the hundreds digit of c?
1
Let z(c) be the third derivative of c**6/60 - 13*c**5/60 - c**4/6 + 11*c**3/6 + 18*c**2. What is the tens digit of z(7)?
3
Suppose 0 = -10*c + 15*c + 10. What is the units digit of (c/(-8) - -1)*4?
5
Let c(h) = 3450*h + 108. What is the tens digit of c(1)?
5
Suppose 0*l = -3*l. Suppose -5*a = -b + 9, l = b + b - a. What is the tens digit of (10/30)/(b/(-69))?
2
Let f = -2 + 4. Let b = 295 - 89. Suppose f*p + 2*p - 2*z = b, p = z + 49. What is the tens digit of p?
5
Suppose 2*s = 6*s - 3*i - 3657, 5*i - 4545 = -5*s. What is the units digit of s?
2
Suppose 0 = -82*t + 81*t + 1762. What is the thousands digit of t?
1
Let a(c) = -13*c - 13. Suppose 0 = -2*m - 21 - 3. What is the units digit of a(m)?
3
Let s(o) = -114*o**2 - 5*o - 3. Let p be s(-3). What is the tens digit of p/(-15) + (-4)/(-10)?
6
Suppose -4*w - 5*i - 14 = -w, i = 4*w + 11. Let z = w - -8. Let u = z + 7. What is the tens digit of u?
1
Let x = -28 - -32. Suppose 5*i - 134 = -3*n + x, i = 4*n - 207. What is the units digit of n?
1
Let f(c) = 4*c**2 - 3*c + 12. What is the units digit of f(4)?
4
Let w = 9 - 7. Let o(x) = x**3 - 4 + 8 - 4 + x - x**w. What is the units digit of o(1)?
1
Let w(b) = -9*b**2 + 5*b - 22. Let u(c) = -5*c**2 + 2*c - 11. Let h(l) = 11*u(l) - 6*w(l). Let d be h(-9). What is the units digit of 1 + d/((-8)/(-100))?
6
What is the hundreds digit of (-136316)/(-36) + 8/18?
7
Let s = 857 + -257. What is the hundreds digit of s?
6
Let k = 1831 - 367. What is the thousands digit of k?
1
Let p(s) = 18*s**3 + 2*s**2 - 2*s + 1. Suppose 0 = -4*a - 61 + 65. What is the tens digit of p(a)?
1
Let o be ((11 - 7) + -1)*10/6. What is the tens digit of -18*-1*(o + 5)?
8
Let s(l) = -l**3 - 6*l**2 + 3*l - 7. Let p = 3 + -3. Suppose -28 = -p*d + 4*d. What is the units digit of s(d)?
1
Let q = -32 + 26. Let b = q + 8. What is the units digit of b?
2
What is the units digit of (0 + 1828/7)/(110/385)?
4
Let r = 3 + 12. Let t = 20 - r. Suppose t*g = -0*g + 95. What is the units digit of g?
9
Let q = -11 + 13. Let d be 22/(-4)*q + -1. Let r = d + 15. What is the units digit of r?
3
What is the units digit of (-8 + 22)*(-224)/(3 - 7)?
4
What is the units digit of (994/8)/(43/172)?
7
Let d(l) = 97*l**2 - 24*l - 49. What is the hundreds digit of d(-2)?
3
Let u(f) = -f**3 - 14*f**2 + 3*f - 4. Let a be u(-14). Let k = -36 - a. What is the units digit of k?
0
Let a(o) = -2*o - 5 + 4 - 7*o + 23. What is the tens digit of a(-7)?
8
Suppose -4*j - 2*d + 24 = 0, 2*j = d - 1 + 5. Suppose -21 = -j*n + 55. What is the tens digit of n?
1
Suppose 0 = -4*b + 12. Let m be 3/((-1 + 4)/b). Suppose 0 = m*i + 2*i - 120. What is the tens digit of i?
2
Let d = -1123 + 1734. Suppose -2*s = 11*s - d. What is the units digit of s?
7
Let u = 2 + -24. Let d be (-2)/(-11) + (-634)/u. Let i = d + 5. What is the tens digit of i?
3
Suppose -2*j - 4*t + 94 = 0, 0*t = j + t - 49. Let i = 14 + j. What is the tens digit of i?
6
Let f(c) = -c**3 + 5*c**2 + 3*c + 6. Suppose 5*k + 0*l - 10 = -l, 4*l + 2 = k. Suppose -2*t + k = -8. What is the units digit of f(t)?
1
Let v(u) = -2*u - 4. Suppose -d = 3*d + 16. Let p be v(d). Suppose p*q - 106 = -34. What is the tens digit of q?
1
What is the units digit of 15*(-16)/72*-300?
0
Let p(g) = -g**3 + 11*g**2 - 10*g - 7. Let j be p(10). What is the tens digit of (-3)/j + 890/14?
6
Suppose 4*w + 2*o - 1312 = -0*w, -5*o + 328 = w. Suppose -272 = -5*n + w. What is the units digit of n?
0
Suppose 5*s - 988 = -i, 3*i - 8 = 7*i. What is the units digit of s?
8
Suppose -3*m + 3*i - 5*i = -1635, 2*m - 1100 = 2*i. What is the tens digit of m?
4
Let p(l) = 13*l + 23. What is the tens digit of p(13)?
9
Let b = -147 + 166. What is the tens digit of b?
1
Suppose 7*a = -5*v + 3*a + 217, -5*v + a + 202 = 0. What is the tens digit of v?
4
Let i = -390 - -200. Let b = -134 - i. What is the tens digit of b?
5
Let p(v) = 87*v**2 + 96*v - 6. What is the thousands digit of p(-6)?
2
Suppose 2*v + 7*n = 11*n + 50, -2*v + 65 = n. Suppose 0 = s - v - 13. What is the tens digit of s?
4
Let q(b) = -124*b**2 - 2*b. Let v be q(-1). Let g = v + 175. What is the units digit of g?
3
Let z = 78 - 10. Let h = z + -39. Suppose 2*r - h = 57